{"id":15556,"date":"2017-03-02T13:17:24","date_gmt":"2017-03-02T12:17:24","guid":{"rendered":"http:\/\/lamar.com.pl\/opinie-lamar\/"},"modified":"2017-03-16T09:23:12","modified_gmt":"2017-03-16T08:23:12","slug":"opinie-lamar","status":"publish","type":"page","link":"https:\/\/lamar.com.pl\/de\/opinie-lamar\/","title":{"rendered":"Opinie LAMAR"},"content":{"rendered":"<div class=\"su-row\">\n<div class=\"su-column su-column-size-1-2\"><div class=\"su-column-inner su-u-clearfix su-u-trim\">\n<h2 style=\"font-size: 28px; text-align: center;\">Opinie LAMAR<\/h2>\n<p style=\"text-align: center;\">Jeste\u015b pracownikiem lub klientem firmy LAMAR? Masz pomys\u0142 zwi\u0105zany z rozwojem produktu lub firmy? <strong>Napisz do nas.<\/strong> Je\u015bli napotka\u0142e\u015b problem lub wiesz, co warto udoskonali\u0107 w zarz\u0105dzaniu nasz\u0105 organizacj\u0105 &#8211; <strong>wype\u0142nij anonimow\u0105 ankiet\u0119.<\/strong> Trafi bezpo\u015brednio do Zarz\u0105du firmy.<\/p>\n<p style=\"text-align: center;\">Tak samo jak Tobie, nam r\u00f3wnie\u017c zale\u017cy na tym, by tworzy\u0107 <strong>\u015brodowisko przyjazne wszystkim grupom<\/strong> &#8211; naszym pracownikom, partnerom oraz klientom. Cenimy ka\u017cd\u0105 wyra\u017con\u0105 opini\u0119. Dlatego zach\u0119camy do skorzystania z formularza on-line. <strong>Zale\u017cy nam na Twoim zdaniu!<\/strong> Czekamy na wiadomo\u015b\u0107 od Ciebie.<\/p>\n<\/div><\/div>\n<div class=\"su-column su-column-size-1-2\"><div class=\"su-column-inner su-u-clearfix su-u-trim\">\n<div>\n<h3>Anonimowy formularz:<\/h3>\n<p class=\"wpcf7-contact-form-not-found\"><strong>Fehler:<\/strong> Kontaktformular wurde nicht gefunden.<\/p>\n<\/div>\n<\/div><\/div>\n<\/div>\n<hr class=\"empty-space\" \/>\n<h2 style=\"font-size: 1.4rem; font-weight: 300;\">Trafi\u0142e\u015b tu przez przypadek? To mo\u017ce Ci\u0119 zainteresowa\u0107:<\/h2>\n<div class=\"su-row\">\n<div class=\"su-column su-column-size-1-3\"><div class=\"su-column-inner su-u-clearfix su-u-trim\">\n<a href=\"http:\/\/lamar.com.pl\/blog\/6-etapow-konfigurowania-skrzyni-plandeka-poradnik\/\"><br \/>\n<img decoding=\"async\" class=\"aligncenter size-large wp-image-13703\" src=\"http:\/\/lamar.com.pl\/wp-content\/uploads\/2017\/02\/skrzynia-z-plandeka-i-burtofirana-otwarta-1024x685.jpg\" alt=\"\" width=\"1024\" height=\"685\" srcset=\"https:\/\/lamar.com.pl\/wp-content\/uploads\/2017\/02\/skrzynia-z-plandeka-i-burtofirana-otwarta-1024x685.jpg 1024w, https:\/\/lamar.com.pl\/wp-content\/uploads\/2017\/02\/skrzynia-z-plandeka-i-burtofirana-otwarta-300x201.jpg 300w, https:\/\/lamar.com.pl\/wp-content\/uploads\/2017\/02\/skrzynia-z-plandeka-i-burtofirana-otwarta-768x514.jpg 768w, https:\/\/lamar.com.pl\/wp-content\/uploads\/2017\/02\/skrzynia-z-plandeka-i-burtofirana-otwarta-172x115.jpg 172w, https:\/\/lamar.com.pl\/wp-content\/uploads\/2017\/02\/skrzynia-z-plandeka-i-burtofirana-otwarta-24x16.jpg 24w, https:\/\/lamar.com.pl\/wp-content\/uploads\/2017\/02\/skrzynia-z-plandeka-i-burtofirana-otwarta-36x24.jpg 36w, https:\/\/lamar.com.pl\/wp-content\/uploads\/2017\/02\/skrzynia-z-plandeka-i-burtofirana-otwarta-48x32.jpg 48w, https:\/\/lamar.com.pl\/wp-content\/uploads\/2017\/02\/skrzynia-z-plandeka-i-burtofirana-otwarta.jpg 1200w\" sizes=\"(max-width: 1024px) 100vw, 1024px\" \/><\/a><\/p>\n<h2>Jak skonfigurowa\u0107 mi\u0119dzynarod\u00f3wk\u0119 w 6 krokach? &#8211; Poradnik<\/h2>\n<p>Skrzynia z plandek\u0105 to najpopularniejszy typ zabudowy w transporcie krajowym i mi\u0119dzynarodowym <strong>do 3,5 t.<\/strong> Jak rozbudowa\u0107 zabudow\u0119 8., 10. lub 12. paletow\u0105? Bierzemy pod lup\u0119 konkretne realizacje, wyposa\u017cenie, praktyczne elementy podnosz\u0105ce walory u\u017cytkowe pojazdu. Zach\u0119camy do lektury przekrojowego poradnika.<br \/>\n<\/div><\/div>\n<div class=\"su-column su-column-size-1-3\"><div class=\"su-column-inner su-u-clearfix su-u-trim\">\n<a href=\"http:\/\/lamar.com.pl\/blog\/wyposazenie-skrzynia-z-plandeka\/\"><br \/>\n<img decoding=\"async\" class=\"aligncenter size-large wp-image-12503\" src=\"http:\/\/lamar.com.pl\/wp-content\/uploads\/2016\/06\/zabudowy-samochodow-lamar-1024x682.jpg\" alt=\"\" width=\"1024\" height=\"682\" srcset=\"https:\/\/lamar.com.pl\/wp-content\/uploads\/2016\/06\/zabudowy-samochodow-lamar-1024x682.jpg 1024w, https:\/\/lamar.com.pl\/wp-content\/uploads\/2016\/06\/zabudowy-samochodow-lamar-300x200.jpg 300w, https:\/\/lamar.com.pl\/wp-content\/uploads\/2016\/06\/zabudowy-samochodow-lamar-768x512.jpg 768w, https:\/\/lamar.com.pl\/wp-content\/uploads\/2016\/06\/zabudowy-samochodow-lamar-1200x800.jpg 1200w, https:\/\/lamar.com.pl\/wp-content\/uploads\/2016\/06\/zabudowy-samochodow-lamar-173x115.jpg 173w, https:\/\/lamar.com.pl\/wp-content\/uploads\/2016\/06\/zabudowy-samochodow-lamar-24x16.jpg 24w, https:\/\/lamar.com.pl\/wp-content\/uploads\/2016\/06\/zabudowy-samochodow-lamar-36x24.jpg 36w, https:\/\/lamar.com.pl\/wp-content\/uploads\/2016\/06\/zabudowy-samochodow-lamar-48x32.jpg 48w, https:\/\/lamar.com.pl\/wp-content\/uploads\/2016\/06\/zabudowy-samochodow-lamar.jpg 1400w\" sizes=\"(max-width: 1024px) 100vw, 1024px\" \/><\/a><\/p>\n<h2>Skrzynia z plandek\u0105 i zabudowa kontenerowa \u2013 w co doposa\u017cy\u0107?<\/h2>\n<p>Skrzynia z plandek\u0105 jak i zabudowa kontenerowa mo\u017ce zosta\u0107 odpowiednio doposa\u017cona. <strong>W jakim celu?<\/strong> Cho\u0107by po to, by zwi\u0119kszy\u0107 walory u\u017cytkowe pojazdu, poprawi\u0107 komfort pracy kierowcy i zmniejszy\u0107 zu\u017cycie paliwa, uzyska\u0107 mo\u017cliwo\u015b\u0107 zdobywania konkurencyjnych zlece\u0144 transportowych. <strong>W co warto zainwestowa\u0107?<\/strong> Prezentujemy kr\u00f3tki przegl\u0105d oferty.<\/p>\n<p>&nbsp;<\/p>\n<\/div><\/div>\n<div class=\"su-column su-column-size-1-3\"><div class=\"su-column-inner su-u-clearfix su-u-trim\">\n<a href=\"http:\/\/lamar.com.pl\/blog\/reklama-na-plandece-skrzynia-z-zabudowa\/\"><br \/>\n<img decoding=\"async\" class=\"aligncenter size-large wp-image-13171\" src=\"http:\/\/lamar.com.pl\/wp-content\/uploads\/2015\/10\/fiat-ducato-reklama-i-winda-profil-tyl-lamar-1024x685.jpg\" alt=\"\" width=\"1024\" height=\"685\" srcset=\"https:\/\/lamar.com.pl\/wp-content\/uploads\/2015\/10\/fiat-ducato-reklama-i-winda-profil-tyl-lamar-1024x685.jpg 1024w, https:\/\/lamar.com.pl\/wp-content\/uploads\/2015\/10\/fiat-ducato-reklama-i-winda-profil-tyl-lamar-300x201.jpg 300w, https:\/\/lamar.com.pl\/wp-content\/uploads\/2015\/10\/fiat-ducato-reklama-i-winda-profil-tyl-lamar-768x514.jpg 768w, https:\/\/lamar.com.pl\/wp-content\/uploads\/2015\/10\/fiat-ducato-reklama-i-winda-profil-tyl-lamar-172x115.jpg 172w, https:\/\/lamar.com.pl\/wp-content\/uploads\/2015\/10\/fiat-ducato-reklama-i-winda-profil-tyl-lamar-24x16.jpg 24w, https:\/\/lamar.com.pl\/wp-content\/uploads\/2015\/10\/fiat-ducato-reklama-i-winda-profil-tyl-lamar-36x24.jpg 36w, https:\/\/lamar.com.pl\/wp-content\/uploads\/2015\/10\/fiat-ducato-reklama-i-winda-profil-tyl-lamar-48x32.jpg 48w, https:\/\/lamar.com.pl\/wp-content\/uploads\/2015\/10\/fiat-ducato-reklama-i-winda-profil-tyl-lamar.jpg 1200w\" sizes=\"(max-width: 1024px) 100vw, 1024px\" \/><\/a><\/p>\n<h2>Zabudowa pojazdu i reklama na plandece: czy warto?<\/h2>\n<p>Przedsi\u0119biorcy oczekuj\u0105 kompleksowych rozwi\u0105za\u0144. Je\u015bli firma transportowa planuje wydruk reklamy na plandekach, nie chce traci\u0107 czasu na poszukiwania dodatkowego podwykonawcy. Co LAMAR mo\u017ce zrobi\u0107, by \u015bci\u0105gn\u0105\u0107 z bark\u00f3w przedsi\u0119biorcy t\u0119 odpowiedzialno\u015b\u0107? Opisujemy korzy\u015bci p\u0142yn\u0105ce z posiadania reklamy na plandece.<\/p>\n<p>&nbsp;<\/p>\n<\/div><\/div>\n<\/div>\n","protected":false},"excerpt":{"rendered":"<p>Trafi\u0142e\u015b tu przez przypadek? To mo\u017ce Ci\u0119 zainteresowa\u0107:<\/p>\n","protected":false},"author":8,"featured_media":0,"parent":0,"menu_order":0,"comment_status":"closed","ping_status":"closed","template":"","meta":[],"acf":[],"_links":{"self":[{"href":"https:\/\/lamar.com.pl\/de\/wp-json\/wp\/v2\/pages\/15556"}],"collection":[{"href":"https:\/\/lamar.com.pl\/de\/wp-json\/wp\/v2\/pages"}],"about":[{"href":"https:\/\/lamar.com.pl\/de\/wp-json\/wp\/v2\/types\/page"}],"author":[{"embeddable":true,"href":"https:\/\/lamar.com.pl\/de\/wp-json\/wp\/v2\/users\/8"}],"replies":[{"embeddable":true,"href":"https:\/\/lamar.com.pl\/de\/wp-json\/wp\/v2\/comments?post=15556"}],"version-history":[{"count":0,"href":"https:\/\/lamar.com.pl\/de\/wp-json\/wp\/v2\/pages\/15556\/revisions"}],"wp:attachment":[{"href":"https:\/\/lamar.com.pl\/de\/wp-json\/wp\/v2\/media?parent=15556"}],"curies":[{"name":"wp","href":"https:\/\/api.w.org\/{rel}","templated":true}]}}

<div class="su-row">
<div class="su-column su-column-size-1-2"><div class="su-column-inner su-u-clearfix su-u-trim">
<h2 style="font-size: 28px; text-align: center;">Opinie LAMAR</h2>
<p style="text-align: center;">Jesteś pracownikiem lub klientem firmy LAMAR? Masz pomysł związany z rozwojem produktu lub firmy? <strong>Napisz do nas.</strong> Jeśli napotkałeś problem lub wiesz, co warto udoskonalić w zarządzaniu naszą organizacją &#8211; <strong>wypełnij anonimową ankietę.</strong> Trafi bezpośrednio do Zarządu firmy.</p>
<p style="text-align: center;">Tak samo jak Tobie, nam również zależy na tym, by tworzyć <strong>środowisko przyjazne wszystkim grupom</strong> &#8211; naszym pracownikom, partnerom oraz klientom. Cenimy każdą wyrażoną opinię. Dlatego zachęcamy do skorzystania z formularza on-line. <strong>Zależy nam na Twoim zdaniu!</strong> Czekamy na wiadomość od Ciebie.</p>
</div></div>
<div class="su-column su-column-size-1-2"><div class="su-column-inner su-u-clearfix su-u-trim">
<div>
<h3>Anonimowy formularz:</h3>
<p class="wpcf7-contact-form-not-found"><strong>Fehler:</strong> Kontaktformular wurde nicht gefunden.</p>
</div>
</div></div>
</div>
<hr class="empty-space" />
<h2 style="font-size: 1.4rem; font-weight: 300;">Trafiłeś tu przez przypadek? To może Cię zainteresować:</h2>
<div class="su-row">
<div class="su-column su-column-size-1-3"><div class="su-column-inner su-u-clearfix su-u-trim">
<a href="http://lamar.com.pl/blog/6-etapow-konfigurowania-skrzyni-plandeka-poradnik/"><br />
<img decoding="async" class="aligncenter size-large wp-image-13703" src="http://lamar.com.pl/wp-content/uploads/2017/02/skrzynia-z-plandeka-i-burtofirana-otwarta-1024x685.jpg" alt="" width="1024" height="685" srcset="https://lamar.com.pl/wp-content/uploads/2017/02/skrzynia-z-plandeka-i-burtofirana-otwarta-1024x685.jpg 1024w, https://lamar.com.pl/wp-content/uploads/2017/02/skrzynia-z-plandeka-i-burtofirana-otwarta-300x201.jpg 300w, https://lamar.com.pl/wp-content/uploads/2017/02/skrzynia-z-plandeka-i-burtofirana-otwarta-768x514.jpg 768w, https://lamar.com.pl/wp-content/uploads/2017/02/skrzynia-z-plandeka-i-burtofirana-otwarta-172x115.jpg 172w, https://lamar.com.pl/wp-content/uploads/2017/02/skrzynia-z-plandeka-i-burtofirana-otwarta-24x16.jpg 24w, https://lamar.com.pl/wp-content/uploads/2017/02/skrzynia-z-plandeka-i-burtofirana-otwarta-36x24.jpg 36w, https://lamar.com.pl/wp-content/uploads/2017/02/skrzynia-z-plandeka-i-burtofirana-otwarta-48x32.jpg 48w, https://lamar.com.pl/wp-content/uploads/2017/02/skrzynia-z-plandeka-i-burtofirana-otwarta.jpg 1200w" sizes="(max-width: 1024px) 100vw, 1024px" /></a></p>
<h2>Jak skonfigurować międzynarodówkę w 6 krokach? &#8211; Poradnik</h2>
<p>Skrzynia z plandeką to najpopularniejszy typ zabudowy w transporcie krajowym i międzynarodowym <strong>do 3,5 t.</strong> Jak rozbudować zabudowę 8., 10. lub 12. paletową? Bierzemy pod lupę konkretne realizacje, wyposażenie, praktyczne elementy podnoszące walory użytkowe pojazdu. Zachęcamy do lektury przekrojowego poradnika.<br />
</div></div>
<div class="su-column su-column-size-1-3"><div class="su-column-inner su-u-clearfix su-u-trim">
<a href="http://lamar.com.pl/blog/wyposazenie-skrzynia-z-plandeka/"><br />
<img decoding="async" class="aligncenter size-large wp-image-12503" src="http://lamar.com.pl/wp-content/uploads/2016/06/zabudowy-samochodow-lamar-1024x682.jpg" alt="" width="1024" height="682" srcset="https://lamar.com.pl/wp-content/uploads/2016/06/zabudowy-samochodow-lamar-1024x682.jpg 1024w, https://lamar.com.pl/wp-content/uploads/2016/06/zabudowy-samochodow-lamar-300x200.jpg 300w, https://lamar.com.pl/wp-content/uploads/2016/06/zabudowy-samochodow-lamar-768x512.jpg 768w, https://lamar.com.pl/wp-content/uploads/2016/06/zabudowy-samochodow-lamar-1200x800.jpg 1200w, https://lamar.com.pl/wp-content/uploads/2016/06/zabudowy-samochodow-lamar-173x115.jpg 173w, https://lamar.com.pl/wp-content/uploads/2016/06/zabudowy-samochodow-lamar-24x16.jpg 24w, https://lamar.com.pl/wp-content/uploads/2016/06/zabudowy-samochodow-lamar-36x24.jpg 36w, https://lamar.com.pl/wp-content/uploads/2016/06/zabudowy-samochodow-lamar-48x32.jpg 48w, https://lamar.com.pl/wp-content/uploads/2016/06/zabudowy-samochodow-lamar.jpg 1400w" sizes="(max-width: 1024px) 100vw, 1024px" /></a></p>
<h2>Skrzynia z plandeką i zabudowa kontenerowa – w co doposażyć?</h2>
<p>Skrzynia z plandeką jak i zabudowa kontenerowa może zostać odpowiednio doposażona. <strong>W jakim celu?</strong> Choćby po to, by zwiększyć walory użytkowe pojazdu, poprawić komfort pracy kierowcy i zmniejszyć zużycie paliwa, uzyskać możliwość zdobywania konkurencyjnych zleceń transportowych. <strong>W co warto zainwestować?</strong> Prezentujemy krótki przegląd oferty.</p>
<p>&nbsp;</p>
</div></div>
<div class="su-column su-column-size-1-3"><div class="su-column-inner su-u-clearfix su-u-trim">
<a href="http://lamar.com.pl/blog/reklama-na-plandece-skrzynia-z-zabudowa/"><br />
<img decoding="async" class="aligncenter size-large wp-image-13171" src="http://lamar.com.pl/wp-content/uploads/2015/10/fiat-ducato-reklama-i-winda-profil-tyl-lamar-1024x685.jpg" alt="" width="1024" height="685" srcset="https://lamar.com.pl/wp-content/uploads/2015/10/fiat-ducato-reklama-i-winda-profil-tyl-lamar-1024x685.jpg 1024w, https://lamar.com.pl/wp-content/uploads/2015/10/fiat-ducato-reklama-i-winda-profil-tyl-lamar-300x201.jpg 300w, https://lamar.com.pl/wp-content/uploads/2015/10/fiat-ducato-reklama-i-winda-profil-tyl-lamar-768x514.jpg 768w, https://lamar.com.pl/wp-content/uploads/2015/10/fiat-ducato-reklama-i-winda-profil-tyl-lamar-172x115.jpg 172w, https://lamar.com.pl/wp-content/uploads/2015/10/fiat-ducato-reklama-i-winda-profil-tyl-lamar-24x16.jpg 24w, https://lamar.com.pl/wp-content/uploads/2015/10/fiat-ducato-reklama-i-winda-profil-tyl-lamar-36x24.jpg 36w, https://lamar.com.pl/wp-content/uploads/2015/10/fiat-ducato-reklama-i-winda-profil-tyl-lamar-48x32.jpg 48w, https://lamar.com.pl/wp-content/uploads/2015/10/fiat-ducato-reklama-i-winda-profil-tyl-lamar.jpg 1200w" sizes="(max-width: 1024px) 100vw, 1024px" /></a></p>
<h2>Zabudowa pojazdu i reklama na plandece: czy warto?</h2>
<p>Przedsiębiorcy oczekują kompleksowych rozwiązań. Jeśli firma transportowa planuje wydruk reklamy na plandekach, nie chce tracić czasu na poszukiwania dodatkowego podwykonawcy. Co LAMAR może zrobić, by ściągnąć z barków przedsiębiorcy tę odpowiedzialność? Opisujemy korzyści płynące z posiadania reklamy na plandece.</p>
<p>&nbsp;</p>
</div></div>
</div>

<p>Trafiłeś tu przez przypadek? To może Cię zainteresować:</p>
